{"id":317,"date":"2014-12-22T10:27:36","date_gmt":"2014-12-22T10:27:36","guid":{"rendered":"http:\/\/gaanenbeleven.nl\/wp\/?page_id=317"},"modified":"2014-12-22T10:27:36","modified_gmt":"2014-12-22T10:27:36","slug":"interview-met-klaas-de-jong","status":"publish","type":"page","link":"https:\/\/adriaanvoeten.com\/gaanenbeleven\/interview-met-klaas-de-jong\/","title":{"rendered":"Interview met Klaas de Jong"},"content":{"rendered":"<p>Klaas de Jong is oud-militair-sportinstructeur, bij o.a. luchtmobiel en in de kliminstructie. Hij is sinds 2010 met &#8220;pensioen&#8221;. Hij geeft o.mr. trainingen Ori\u00ebnteringsloop bij HOC93.<br \/>\nKlaas beleefde avonturen in o.a.: 2010 Haute Randonee Pyr<span class=\"text_exposed_show\">enee\u00ebn, van de Atlantische kust naar de Middelandse zee over de hoofdkam van de Pyrenee\u00ebn. Een solowandeltocht in 2 maanden van 850 km en 40.000 hoogtemeters!<br \/>\n2011: Hardangervidda-crossing van NO naar ZW, solo<br \/>\n2012: Fietstocht Steenwijk St JeanPied de Port, 2000 km in 3 weken, solo<br \/>\n2013: Chemin d\u00c1rles; van Arles naar Toulouse, 500 km in 30 dagen met Hedwig.<br \/>\n2014: Als in 2011 over de Hardangervidda, nu met Hedwig en hond.[metaslider id=297]<\/span><\/p>\n<p>Welke dagrugzak gebruik je?<br \/>\nEen klimrugzak van Macpac en een ultralicht Inov8 rugzakje.<\/p>\n<p>Voor de langere tochten ben ik &#8220;zwaar beladen&#8221;. Ik stel prijs op comfort en zie extra kilo&#8217;s als een kans om te trainen. Dan gebruik ik een Macpac Glissade en de basisuitrusting is dan plm. 18 kg. Daar komt het eten nog bij. Om mijn watervoorraad aan te vullen gebruik ik een katadyn waterzuivering.<\/p>\n<p>Welke kleding gebruik je?<br \/>\nQua kleding: een meerlagensysteem bestaande uit: merino wollen shirts, polartec truitje, softshell en een Goretex jas van TNF. &#8216;Mijn benen&#8217; zijn niet zo belangrijk: korte broek, wandelbroek, regenbroek indien nodig.<\/p>\n<p>Slaap je buiten?<br \/>\nAls ik solo op pad ga: in de Hilleberg Akto (kijk naar de voorpagina van de handleiding (HOC93) \u2192 daar zie je mijn tentje in de Pyrene\u00ebn en die van Jolanda Linschoten (trots op!).<br \/>\nAls ik met mijn vrouw en hond op stap ga: in de Hilleberg Nallo 3 GT.<br \/>\nMatje: Thermarest ultralight; slaapzak: Carl Denig Barentsburg.<\/p>\n<p>Hoe ziet je keuken eruit?<br \/>\nIk kook op een Optimus Nova multifuel; mijn tweede inmiddels en die bevalt uitstekend.<\/p>\n<p>Wat moet er altijd mee?<br \/>\nEen Garmin Etrex 30 en mes Spiderco en kompas.<\/p>\n<p>Heb je tips voor beginnende avonturiers?<br \/>\nMaak goede keuzes\/afwegingen tussen licht bepakt en mogelijk minder comfort of veiligheid ( bergen) en wat meer meenemen, dus comfortabeler maar langzamer \u2192meer gewicht.<\/p>\n<p>Wat is je absolute favoriete item?<br \/>\nMijn Hilleberg Akto-tent, Macpac glissade-rugzak, Thermarest matje, slaapzak, brander.<\/p>\n<p>Vraag aan mezelf?<br \/>\nKan ik dit nog 30 jaar blijven doen?<\/p>\n","protected":false},"excerpt":{"rendered":"<p>Klaas de Jong is oud-militair-sportinstructeur, bij o.a. luchtmobiel en in de kliminstructie. Hij is sinds 2010 met &#8220;pensioen&#8221;. Hij geeft o.mr. trainingen Ori\u00ebnteringsloop bij HOC93. Klaas beleefde avonturen in o.a.: 2010 Haute Randonee Pyrenee\u00ebn, van de Atlantische kust naar de Middelandse zee over de hoofdkam van de Pyrenee\u00ebn. Een solowandeltocht in 2 maanden van 850 [&hellip;]<\/p>\n","protected":false},"author":1,"featured_media":0,"parent":0,"menu_order":0,"comment_status":"closed","ping_status":"closed","template":"","meta":{"footnotes":""},"yoast_head":"<!-- This site is optimized with the Yoast SEO plugin v24.4 - https:\/\/yoast.com\/wordpress\/plugins\/seo\/ -->\n<title>Interview met Klaas de Jong - GAAN en Beleven<\/title>\n<meta name=\"robots\" content=\"index, follow, max-snippet:-1, max-image-preview:large, max-video-preview:-1\" \/>\n<link rel=\"canonical\" href=\"https:\/\/adriaanvoeten.com\/gaanenbeleven\/interview-met-klaas-de-jong\/\" \/>\n<meta property=\"og:locale\" content=\"nl_NL\" \/>\n<meta property=\"og:type\" content=\"article\" \/>\n<meta property=\"og:title\" content=\"Interview met Klaas de Jong - GAAN en Beleven\" \/>\n<meta property=\"og:description\" content=\"Klaas de Jong is oud-militair-sportinstructeur, bij o.a. luchtmobiel en in de kliminstructie. Hij is sinds 2010 met &#8220;pensioen&#8221;. Hij geeft o.mr. trainingen Ori\u00ebnteringsloop bij HOC93. Klaas beleefde avonturen in o.a.: 2010 Haute Randonee Pyrenee\u00ebn, van de Atlantische kust naar de Middelandse zee over de hoofdkam van de Pyrenee\u00ebn. Een solowandeltocht in 2 maanden van 850 [&hellip;]\" \/>\n<meta property=\"og:url\" content=\"https:\/\/adriaanvoeten.com\/gaanenbeleven\/interview-met-klaas-de-jong\/\" \/>\n<meta property=\"og:site_name\" content=\"GAAN en Beleven\" \/>\n<meta property=\"article:publisher\" content=\"https:\/\/facebook.com\/gaanenbeleven\" \/>\n<meta name=\"twitter:card\" content=\"summary_large_image\" \/>\n<meta name=\"twitter:label1\" content=\"Geschatte leestijd\" \/>\n\t<meta name=\"twitter:data1\" content=\"2 minuten\" \/>\n<script type=\"application\/ld+json\" class=\"yoast-schema-graph\">{\"@context\":\"https:\/\/schema.org\",\"@graph\":[{\"@type\":\"WebPage\",\"@id\":\"https:\/\/adriaanvoeten.com\/gaanenbeleven\/interview-met-klaas-de-jong\/\",\"url\":\"https:\/\/adriaanvoeten.com\/gaanenbeleven\/interview-met-klaas-de-jong\/\",\"name\":\"Interview met Klaas de Jong - GAAN en Beleven\",\"isPartOf\":{\"@id\":\"https:\/\/adriaanvoeten.com\/gaanenbeleven\/#website\"},\"datePublished\":\"2014-12-22T10:27:36+00:00\",\"breadcrumb\":{\"@id\":\"https:\/\/adriaanvoeten.com\/gaanenbeleven\/interview-met-klaas-de-jong\/#breadcrumb\"},\"inLanguage\":\"nl-NL\",\"potentialAction\":[{\"@type\":\"ReadAction\",\"target\":[\"https:\/\/adriaanvoeten.com\/gaanenbeleven\/interview-met-klaas-de-jong\/\"]}]},{\"@type\":\"BreadcrumbList\",\"@id\":\"https:\/\/adriaanvoeten.com\/gaanenbeleven\/interview-met-klaas-de-jong\/#breadcrumb\",\"itemListElement\":[{\"@type\":\"ListItem\",\"position\":1,\"name\":\"Home\",\"item\":\"https:\/\/adriaanvoeten.com\/gaanenbeleven\/\"},{\"@type\":\"ListItem\",\"position\":2,\"name\":\"Interview met Klaas de Jong\"}]},{\"@type\":\"WebSite\",\"@id\":\"https:\/\/adriaanvoeten.com\/gaanenbeleven\/#website\",\"url\":\"https:\/\/adriaanvoeten.com\/gaanenbeleven\/\",\"name\":\"GAAN en Beleven\",\"description\":\"\",\"publisher\":{\"@id\":\"https:\/\/adriaanvoeten.com\/gaanenbeleven\/#organization\"},\"potentialAction\":[{\"@type\":\"SearchAction\",\"target\":{\"@type\":\"EntryPoint\",\"urlTemplate\":\"https:\/\/adriaanvoeten.com\/gaanenbeleven\/?s={search_term_string}\"},\"query-input\":{\"@type\":\"PropertyValueSpecification\",\"valueRequired\":true,\"valueName\":\"search_term_string\"}}],\"inLanguage\":\"nl-NL\"},{\"@type\":\"Organization\",\"@id\":\"https:\/\/adriaanvoeten.com\/gaanenbeleven\/#organization\",\"name\":\"GAAN en Beleven\",\"url\":\"https:\/\/adriaanvoeten.com\/gaanenbeleven\/\",\"logo\":{\"@type\":\"ImageObject\",\"inLanguage\":\"nl-NL\",\"@id\":\"https:\/\/adriaanvoeten.com\/gaanenbeleven\/#\/schema\/logo\/image\/\",\"url\":\"https:\/\/adriaanvoeten.com\/gaanenbeleven\/wp-content\/uploads\/sites\/4\/2021\/05\/cropped-gaan-logo.jpg\",\"contentUrl\":\"https:\/\/adriaanvoeten.com\/gaanenbeleven\/wp-content\/uploads\/sites\/4\/2021\/05\/cropped-gaan-logo.jpg\",\"width\":512,\"height\":512,\"caption\":\"GAAN en Beleven\"},\"image\":{\"@id\":\"https:\/\/adriaanvoeten.com\/gaanenbeleven\/#\/schema\/logo\/image\/\"},\"sameAs\":[\"https:\/\/facebook.com\/gaanenbeleven\"]}]}<\/script>\n<!-- \/ Yoast SEO plugin. -->","yoast_head_json":{"title":"Interview met Klaas de Jong - GAAN en Beleven","robots":{"index":"index","follow":"follow","max-snippet":"max-snippet:-1","max-image-preview":"max-image-preview:large","max-video-preview":"max-video-preview:-1"},"canonical":"https:\/\/adriaanvoeten.com\/gaanenbeleven\/interview-met-klaas-de-jong\/","og_locale":"nl_NL","og_type":"article","og_title":"Interview met Klaas de Jong - GAAN en Beleven","og_description":"Klaas de Jong is oud-militair-sportinstructeur, bij o.a. luchtmobiel en in de kliminstructie. Hij is sinds 2010 met &#8220;pensioen&#8221;. Hij geeft o.mr. trainingen Ori\u00ebnteringsloop bij HOC93. Klaas beleefde avonturen in o.a.: 2010 Haute Randonee Pyrenee\u00ebn, van de Atlantische kust naar de Middelandse zee over de hoofdkam van de Pyrenee\u00ebn. Een solowandeltocht in 2 maanden van 850 [&hellip;]","og_url":"https:\/\/adriaanvoeten.com\/gaanenbeleven\/interview-met-klaas-de-jong\/","og_site_name":"GAAN en Beleven","article_publisher":"https:\/\/facebook.com\/gaanenbeleven","twitter_card":"summary_large_image","twitter_misc":{"Geschatte leestijd":"2 minuten"},"schema":{"@context":"https:\/\/schema.org","@graph":[{"@type":"WebPage","@id":"https:\/\/adriaanvoeten.com\/gaanenbeleven\/interview-met-klaas-de-jong\/","url":"https:\/\/adriaanvoeten.com\/gaanenbeleven\/interview-met-klaas-de-jong\/","name":"Interview met Klaas de Jong - GAAN en Beleven","isPartOf":{"@id":"https:\/\/adriaanvoeten.com\/gaanenbeleven\/#website"},"datePublished":"2014-12-22T10:27:36+00:00","breadcrumb":{"@id":"https:\/\/adriaanvoeten.com\/gaanenbeleven\/interview-met-klaas-de-jong\/#breadcrumb"},"inLanguage":"nl-NL","potentialAction":[{"@type":"ReadAction","target":["https:\/\/adriaanvoeten.com\/gaanenbeleven\/interview-met-klaas-de-jong\/"]}]},{"@type":"BreadcrumbList","@id":"https:\/\/adriaanvoeten.com\/gaanenbeleven\/interview-met-klaas-de-jong\/#breadcrumb","itemListElement":[{"@type":"ListItem","position":1,"name":"Home","item":"https:\/\/adriaanvoeten.com\/gaanenbeleven\/"},{"@type":"ListItem","position":2,"name":"Interview met Klaas de Jong"}]},{"@type":"WebSite","@id":"https:\/\/adriaanvoeten.com\/gaanenbeleven\/#website","url":"https:\/\/adriaanvoeten.com\/gaanenbeleven\/","name":"GAAN en Beleven","description":"","publisher":{"@id":"https:\/\/adriaanvoeten.com\/gaanenbeleven\/#organization"},"potentialAction":[{"@type":"SearchAction","target":{"@type":"EntryPoint","urlTemplate":"https:\/\/adriaanvoeten.com\/gaanenbeleven\/?s={search_term_string}"},"query-input":{"@type":"PropertyValueSpecification","valueRequired":true,"valueName":"search_term_string"}}],"inLanguage":"nl-NL"},{"@type":"Organization","@id":"https:\/\/adriaanvoeten.com\/gaanenbeleven\/#organization","name":"GAAN en Beleven","url":"https:\/\/adriaanvoeten.com\/gaanenbeleven\/","logo":{"@type":"ImageObject","inLanguage":"nl-NL","@id":"https:\/\/adriaanvoeten.com\/gaanenbeleven\/#\/schema\/logo\/image\/","url":"https:\/\/adriaanvoeten.com\/gaanenbeleven\/wp-content\/uploads\/sites\/4\/2021\/05\/cropped-gaan-logo.jpg","contentUrl":"https:\/\/adriaanvoeten.com\/gaanenbeleven\/wp-content\/uploads\/sites\/4\/2021\/05\/cropped-gaan-logo.jpg","width":512,"height":512,"caption":"GAAN en Beleven"},"image":{"@id":"https:\/\/adriaanvoeten.com\/gaanenbeleven\/#\/schema\/logo\/image\/"},"sameAs":["https:\/\/facebook.com\/gaanenbeleven"]}]}},"_links":{"self":[{"href":"https:\/\/adriaanvoeten.com\/gaanenbeleven\/wp-json\/wp\/v2\/pages\/317"}],"collection":[{"href":"https:\/\/adriaanvoeten.com\/gaanenbeleven\/wp-json\/wp\/v2\/pages"}],"about":[{"href":"https:\/\/adriaanvoeten.com\/gaanenbeleven\/wp-json\/wp\/v2\/types\/page"}],"author":[{"embeddable":true,"href":"https:\/\/adriaanvoeten.com\/gaanenbeleven\/wp-json\/wp\/v2\/users\/1"}],"replies":[{"embeddable":true,"href":"https:\/\/adriaanvoeten.com\/gaanenbeleven\/wp-json\/wp\/v2\/comments?post=317"}],"version-history":[{"count":0,"href":"https:\/\/adriaanvoeten.com\/gaanenbeleven\/wp-json\/wp\/v2\/pages\/317\/revisions"}],"wp:attachment":[{"href":"https:\/\/adriaanvoeten.com\/gaanenbeleven\/wp-json\/wp\/v2\/media?parent=317"}],"curies":[{"name":"wp","href":"https:\/\/api.w.org\/{rel}","templated":true}]}}

<p>Klaas de Jong is oud-militair-sportinstructeur, bij o.a. luchtmobiel en in de kliminstructie. Hij is sinds 2010 met &#8220;pensioen&#8221;. Hij geeft o.mr. trainingen Oriënteringsloop bij HOC93.<br />
Klaas beleefde avonturen in o.a.: 2010 Haute Randonee Pyr<span class="text_exposed_show">eneeën, van de Atlantische kust naar de Middelandse zee over de hoofdkam van de Pyreneeën. Een solowandeltocht in 2 maanden van 850 km en 40.000 hoogtemeters!<br />
2011: Hardangervidda-crossing van NO naar ZW, solo<br />
2012: Fietstocht Steenwijk St JeanPied de Port, 2000 km in 3 weken, solo<br />
2013: Chemin dÁrles; van Arles naar Toulouse, 500 km in 30 dagen met Hedwig.<br />
2014: Als in 2011 over de Hardangervidda, nu met Hedwig en hond.[metaslider id=297]</span></p>
<p>Welke dagrugzak gebruik je?<br />
Een klimrugzak van Macpac en een ultralicht Inov8 rugzakje.</p>
<p>Voor de langere tochten ben ik &#8220;zwaar beladen&#8221;. Ik stel prijs op comfort en zie extra kilo&#8217;s als een kans om te trainen. Dan gebruik ik een Macpac Glissade en de basisuitrusting is dan plm. 18 kg. Daar komt het eten nog bij. Om mijn watervoorraad aan te vullen gebruik ik een katadyn waterzuivering.</p>
<p>Welke kleding gebruik je?<br />
Qua kleding: een meerlagensysteem bestaande uit: merino wollen shirts, polartec truitje, softshell en een Goretex jas van TNF. &#8216;Mijn benen&#8217; zijn niet zo belangrijk: korte broek, wandelbroek, regenbroek indien nodig.</p>
<p>Slaap je buiten?<br />
Als ik solo op pad ga: in de Hilleberg Akto (kijk naar de voorpagina van de handleiding (HOC93) → daar zie je mijn tentje in de Pyreneën en die van Jolanda Linschoten (trots op!).<br />
Als ik met mijn vrouw en hond op stap ga: in de Hilleberg Nallo 3 GT.<br />
Matje: Thermarest ultralight; slaapzak: Carl Denig Barentsburg.</p>
<p>Hoe ziet je keuken eruit?<br />
Ik kook op een Optimus Nova multifuel; mijn tweede inmiddels en die bevalt uitstekend.</p>
<p>Wat moet er altijd mee?<br />
Een Garmin Etrex 30 en mes Spiderco en kompas.</p>
<p>Heb je tips voor beginnende avonturiers?<br />
Maak goede keuzes/afwegingen tussen licht bepakt en mogelijk minder comfort of veiligheid ( bergen) en wat meer meenemen, dus comfortabeler maar langzamer →meer gewicht.</p>
<p>Wat is je absolute favoriete item?<br />
Mijn Hilleberg Akto-tent, Macpac glissade-rugzak, Thermarest matje, slaapzak, brander.</p>
<p>Vraag aan mezelf?<br />
Kan ik dit nog 30 jaar blijven doen?</p>

<p>Klaas de Jong is oud-militair-sportinstructeur, bij o.a. luchtmobiel en in de kliminstructie. Hij is sinds 2010 met &#8220;pensioen&#8221;. Hij geeft o.mr. trainingen Oriënteringsloop bij HOC93. Klaas beleefde avonturen in o.a.: 2010 Haute Randonee Pyreneeën, van de Atlantische kust naar de Middelandse zee over de hoofdkam van de Pyreneeën. Een solowandeltocht in 2 maanden van 850 [&hellip;]</p>

<!-- This site is optimized with the Yoast SEO plugin v24.4 - https://yoast.com/wordpress/plugins/seo/ -->
<title>Interview met Klaas de Jong - GAAN en Beleven</title>
<meta name="robots" content="index, follow, max-snippet:-1, max-image-preview:large, max-video-preview:-1" />
<link rel="canonical" href="https://adriaanvoeten.com/gaanenbeleven/interview-met-klaas-de-jong/" />
<meta property="og:locale" content="nl_NL" />
<meta property="og:type" content="article" />
<meta property="og:title" content="Interview met Klaas de Jong - GAAN en Beleven" />
<meta property="og:description" content="Klaas de Jong is oud-militair-sportinstructeur, bij o.a. luchtmobiel en in de kliminstructie. Hij is sinds 2010 met &#8220;pensioen&#8221;. Hij geeft o.mr. trainingen Oriënteringsloop bij HOC93. Klaas beleefde avonturen in o.a.: 2010 Haute Randonee Pyreneeën, van de Atlantische kust naar de Middelandse zee over de hoofdkam van de Pyreneeën. Een solowandeltocht in 2 maanden van 850 [&hellip;]" />
<meta property="og:url" content="https://adriaanvoeten.com/gaanenbeleven/interview-met-klaas-de-jong/" />
<meta property="og:site_name" content="GAAN en Beleven" />
<meta property="article:publisher" content="https://facebook.com/gaanenbeleven" />
<meta name="twitter:card" content="summary_large_image" />
<meta name="twitter:label1" content="Geschatte leestijd" />
	<meta name="twitter:data1" content="2 minuten" />
<script type="application/ld+json" class="yoast-schema-graph">{"@context":"https://schema.org","@graph":[{"@type":"WebPage","@id":"https://adriaanvoeten.com/gaanenbeleven/interview-met-klaas-de-jong/","url":"https://adriaanvoeten.com/gaanenbeleven/interview-met-klaas-de-jong/","name":"Interview met Klaas de Jong - GAAN en Beleven","isPartOf":{"@id":"https://adriaanvoeten.com/gaanenbeleven/#website"},"datePublished":"2014-12-22T10:27:36+00:00","breadcrumb":{"@id":"https://adriaanvoeten.com/gaanenbeleven/interview-met-klaas-de-jong/#breadcrumb"},"inLanguage":"nl-NL","potentialAction":[{"@type":"ReadAction","target":["https://adriaanvoeten.com/gaanenbeleven/interview-met-klaas-de-jong/"]}]},{"@type":"BreadcrumbList","@id":"https://adriaanvoeten.com/gaanenbeleven/interview-met-klaas-de-jong/#breadcrumb","itemListElement":[{"@type":"ListItem","position":1,"name":"Home","item":"https://adriaanvoeten.com/gaanenbeleven/"},{"@type":"ListItem","position":2,"name":"Interview met Klaas de Jong"}]},{"@type":"WebSite","@id":"https://adriaanvoeten.com/gaanenbeleven/#website","url":"https://adriaanvoeten.com/gaanenbeleven/","name":"GAAN en Beleven","description":"","publisher":{"@id":"https://adriaanvoeten.com/gaanenbeleven/#organization"},"potentialAction":[{"@type":"SearchAction","target":{"@type":"EntryPoint","urlTemplate":"https://adriaanvoeten.com/gaanenbeleven/?s={search_term_string}"},"query-input":{"@type":"PropertyValueSpecification","valueRequired":true,"valueName":"search_term_string"}}],"inLanguage":"nl-NL"},{"@type":"Organization","@id":"https://adriaanvoeten.com/gaanenbeleven/#organization","name":"GAAN en Beleven","url":"https://adriaanvoeten.com/gaanenbeleven/","logo":{"@type":"ImageObject","inLanguage":"nl-NL","@id":"https://adriaanvoeten.com/gaanenbeleven/#/schema/logo/image/","url":"https://adriaanvoeten.com/gaanenbeleven/wp-content/uploads/sites/4/2021/05/cropped-gaan-logo.jpg","contentUrl":"https://adriaanvoeten.com/gaanenbeleven/wp-content/uploads/sites/4/2021/05/cropped-gaan-logo.jpg","width":512,"height":512,"caption":"GAAN en Beleven"},"image":{"@id":"https://adriaanvoeten.com/gaanenbeleven/#/schema/logo/image/"},"sameAs":["https://facebook.com/gaanenbeleven"]}]}</script>
<!-- / Yoast SEO plugin. -->

Klaas de Jong is oud-militair-sportinstructeur, bij o.a. luchtmobiel en in de kliminstructie. Hij is sinds 2010 met &#8220;pensioen&#8221;. Hij geeft o.mr. trainingen Oriënteringsloop bij HOC93. Klaas beleefde avonturen in o.a.: 2010 Haute Randonee Pyreneeën, van de Atlantische kust naar de Middelandse zee over de hoofdkam van de Pyreneeën. Een solowandeltocht in 2 maanden van 850 [&hellip;]
